{"id":2922,"date":"2023-03-26T18:00:00","date_gmt":"2023-03-26T17:00:00","guid":{"rendered":"https:\/\/www.rhythmuschor.de\/?page_id=2922"},"modified":"2023-04-15T20:26:18","modified_gmt":"2023-04-15T19:26:18","slug":"meine-geschichte-mit-dem-chor","status":"publish","type":"page","link":"https:\/\/www.rhythmuschor.de\/?page_id=2922","title":{"rendered":"Meine Geschichte mit dem Chor"},"content":{"rendered":"\n<p>Hier findet ihr die pers\u00f6nlichen Geschichten unserer Chormitglieder. Schnuppert mal rein und bekommt ein Gef\u00fchl davon, wie es ist ein Chormitglied zu sein.<\/p>\n\n\n\n<hr class=\"wp-block-separator has-alpha-channel-opacity\"\/>\n\n\n\n<blockquote class=\"wp-block-quote is-layout-flow wp-block-quote-is-layout-flow\">\n<p>Vor weniger als einem Jahr wurde ich gefragt, ob ich nicht gute Chorleiter empfehlen kann. Nach vielen Gespr\u00e4chen durfte ich nun den Chor \u00fcbernehmen und dar\u00fcber bin ich richtig gl\u00fccklich.<\/p>\n\n\n\n<p>Ich wusste damals nicht, welches Potential der&nbsp;Rhythmuschor hat. Davon werde ich bei so vielen Proben jedes mal wieder neu \u00fcberrascht.<\/p>\n\n\n\n<p>Gegenseitiges Vertrauen, Selbstvertrauen und auch der Mut mal einen Fehler zu machen geh\u00f6ren einfach unbedingt zu jeder Probe dazu.&nbsp;<\/p>\n\n\n\n<p>Auch freue ich mich sehr dar\u00fcber, bei dem gro\u00dfartigen 50 j\u00e4hrigen Jubil\u00e4um mit dabei sein zu k\u00f6nnen. Wir haben viel vorbereitet und werden unser Publikum verzaubern.&nbsp;<\/p>\n\n\n\n<p>Diese Show m\u00f6chte niemand verpassen. Seid dabei!!<\/p>\n<cite>David Koebele &#8211; Chorleiter<\/cite><\/blockquote>\n\n\n\n<hr class=\"wp-block-separator has-alpha-channel-opacity\"\/>\n\n\n\n<blockquote class=\"wp-block-quote is-layout-flow wp-block-quote-is-layout-flow\">\n<p>Als Neuling im Chor &#8211; Corona war endlich vorbei, aber mein alter Chor hatte sich in dieser Zeit aufgel\u00f6st. Gemeinsam mit einer Chorschwester war ich auf der Suche, eine neue Bleibe zum Singen zu finden. Sie war auf den Rhythmuschor gesto\u00dfen, hatte ihn sich im Internet angeschaut, und wollte gelegentlich vorbeischauen, um an einer Probe teilzunehmen.<\/p>\n\n\n\n<p>Also folgte ich ihrem Beispiel, schaute mir die Internetseite an und marschierte fr\u00f6hlich und unbeschwert zum Pfarrheim der entwidmeten Kirche Sankt Peter.<\/p>\n\n\n\n<p>Es war ein sonniger Abend im Oktober und auf dem Platz stand ein kleines Tr\u00fcppchen beisammen und schw\u00e4tzte. Ich fragte, ob das der richtige Platz f\u00fcr den Rhythmuschor sei, und ob ich hier probeweise mitsingen d\u00fcrfte. \u201eHaben Sie sich angemeldet\u201c, h\u00f6rte ich freundlich einen Mann, der sich nachher als Markus herausstellte. Das hatte ich nicht! Aber ich wurde herzlich eingeladen mitzukommen.<\/p>\n\n\n\n<p>\u00dcber eine gewundene Treppe hinauf in einen Saal stellte ich erfreut fest, dass dort eine gro\u00dfe Zahl S\u00e4ngerinnen und vor allen Dingen auch S\u00e4nger standen Nicht \u00fcberall in Ch\u00f6ren selbst verst\u00e4ndlich! Auch hier ein lebendiges allgemeines Gemurmel. Meine Sorge, es k\u00f6nnte ein Problem sein, dass ich nicht gut l\u00e4nger stehen kann, wurde mir bald genommen, denn in unserem gro\u00dfen Chor sind alle Altersgruppen vertreten und jeder ist-im Rahmen seiner k\u00f6rperlichen M\u00f6glichkeit-willkommen zum gemeinsamen Singen. Schon wurde mir eine Mappe mit Noten in die Hand gedr\u00fcckt und los ging\u2018s. Die meisten S\u00e4ngerinnen um mich herum waren sehr sicher in ihren Stimmen, so dass ich mich problemlos einschwingen konnte. Und als ich dann noch leise hinter mir h\u00f6rte: \u201eund die singt gut\u201c f\u00fchlte ich mich schon aufgenommen.<\/p>\n\n\n\n<p>Zehn Tage sp\u00e4ter der erste Auftritt in der Anna-Kirche, mit einer Generalprobe und neun f\u00fcr mich neuen Liedern, f\u00fcr die ich (mit ganz ganz gro\u00dfer Ausnahmegenehmigung f\u00fcr eine Woche die Noten mit nach Hause nehmen durfte). Schon da war mir klar, hier kann ich mich zu Hause f\u00fchlen. Und nach ein, zwei Abenden beim gem\u00fctlichen Nachhocken im Pfarrheim-wo ich mehr \u00fcber die lange Entstehungsgeschichte dieses Chors erfuhr- und mich auch in diesem Kreis sofort herzlich angenommen f\u00fchlte, wusste ich, ich w\u00fcrde bleiben. Und was f\u00fcr mich sehr \u00fcberraschend war und bis heute sehr sch\u00f6n ist, sind die vielen gemeinsamen Feiern rund um das Jahr, die gemeinsam gestaltet werden, wie die Nikolausfeier, die Karnevalsfeier, die After Show Partys.<\/p>\n\n\n\n<p>Es ist nicht nur gemeinsames Singen, es ist auch gemeinsames Leben. Daf\u00fcr an diesen Chor vom Neuling: Danke!<\/p>\n<cite>Roswita Huber-Schaffrath &#8211; aktives Chormitglied<\/cite><\/blockquote>\n\n\n\n<hr class=\"wp-block-separator has-alpha-channel-opacity\"\/>\n\n\n\n<blockquote class=\"wp-block-quote is-layout-flow wp-block-quote-is-layout-flow\">\n<p>F\u00fcr mich ist der Chor Familie. Nicht nur weil ein gro\u00dfer Teil meiner Familie dort Mitglied ist und wir in der dritten Generation (fast vierte sogar :)) Teil dieser Gemeinschaft sind sondern weil ich viele Menschen bereits mein Leben lang kenne. Bereits als Kinder waren meine Schwester und ich auf jedem Konzert, jeder Feier und bei jeder Chorfahrt dabei. Ich singe seit meinem 6.Lebensjahr im Kinderchor und bin, als ich alt genug war, nahtlos in den Rhythmuschor gewechselt. Ein Leben ohne diesen Chor k\u00f6nnte ich mir pers\u00f6nlich nicht vorstellen. Gerade seit dem ich ins Berufsleben gestartet bin merke ich wie viel Entfaltung mir das Singen gibt und wie sehr ich mich beim Singen von meinem fordernden Job als Erzieherin entspannen kann. Auch mein Umzug nach D\u00fcsseldorf hat an dieser Stelle nichts an der Mitgliedschaft ge\u00e4ndert. Und damit bin ich nicht die einzige einige S\u00e4nger kommen von \u201eweiter\u201c her um jeden Freitag an der Chorprobe teilnehmen zu k\u00f6nnen. Dieser Chor ist einfach&nbsp;einzigartig&nbsp;\ud83d\ude42<\/p>\n<cite>Lisa Weuthen &#8211; aktives Chormitglied<\/cite><\/blockquote>\n\n\n\n<hr class=\"wp-block-separator has-alpha-channel-opacity\"\/>\n\n\n\n<blockquote class=\"wp-block-quote is-layout-flow wp-block-quote-is-layout-flow\">\n<p>Nachdem mein Mann, Jochen Brings, seit 1978 als unterst\u00fctzender Pianist im Rhythmuschor ausgeholfen hatte, wurde er 1979 als dessen Chorleiter gew\u00e4hlt. Nun sa\u00df ich freitags abends allein zu Hause und hatte Langeweile. Da ich eigentlich auch sehr musikalisch bin, \u00fcberredete mich mein Mann, doch einfach mit zu singen, um der Langeweile zu entgehen. Dies mache ich nun seit 44 Jahren und bin immer noch mit Begeisterung dabei. Im Lauf der Zeit haben sich daraus viele Freundschaften entwickelt, die alle noch andauern und die uns nicht nur im Chor beim gemeinsamen Singen zusammen f\u00fchren. Nach dem Tod meines Mannes, der den Chor fast 43 Jahre geleitet hat, bin ich nach einer kurzen Auszeit wieder dabei und bin zwischenzeitlich ein gro\u00dfer Fan unseres neuen Chorleiters, David Koebele, der mit sehr viel Engagement und Herzblut unseren nun 50j\u00e4hrigen Chor leitet. Singen entspannt und h\u00e4lt jung, das kann ich nur weitergeben.<\/p>\n<cite>Uschi Brings &#8211; aktives Chormitglied<\/cite><\/blockquote>\n\n\n\n<hr class=\"wp-block-separator has-alpha-channel-opacity\"\/>\n\n\n\n<blockquote class=\"wp-block-quote is-layout-flow wp-block-quote-is-layout-flow\">\n<p>Ich bin vom damaligen Kinderchor, der ebenfalls von Jochen Brings geleitet wurde, in&nbsp; den Rhythmuschor gewechselt. In meiner fast 40 j\u00e4hrigen Mitliedschaft habe ich trotz beruflicher Ver\u00e4nderungen mit gro\u00dfen Entfernungen&nbsp;den Kontakt nie verloren. Es ist ein St\u00fcck Heimat und Lebensfreude. Auch jetzt fahre ich jeden Freitag 75 km zur Probe, da mir sonst etwas fehlen w\u00fcrde. Der Chor ist schon etwas Besonderes, der ein breites Spektrum an Liedern hat und immer versucht sich zu verbessern. Dies bezieht sich nicht nur auf das Singen sondern auch auf unser kleines Orchester, dass uns immer wieder \u00fcberrascht.&nbsp;Der Zusammenhalt beschr\u00e4nkt sich nicht nur auf die Proben oder&nbsp;Auftritte, sondern wird auch in Freundschaften und privaten Feierlickeiten weitergelebt. Wir sind Amateure mit Spa\u00df an der Musik. Bei uns ist jeder willkommen. Seit letztem Jahr geh\u00f6re ich zum Vorstand und merke, dass noch viele Herausforderungen bew\u00e4ltigt werden k\u00f6nnen. In diesem Jahr ist es unser 50 j\u00e4hriges Jubil\u00e4um mit 2 Konzerten. Wir feiern am 23.04.23 um 17 Uhr unser 1. Konzert mit befreundeten Ch\u00f6ren und Orchester. Die ersten gemeinsamen Proben hat es gegeben und obwohl ich die St\u00fccke alle kenne, war ich&nbsp;vom gesamten Ablauf begeistert. Wie gesagt, jeder kann bei uns einsteigen und mitmachen.. du musst dich nur trauen!<\/p>\n<cite>Frank Riegler &#8211; aktives Chor- und Vorstandsmitglied<\/cite><\/blockquote>\n\n\n\n<hr class=\"wp-block-separator has-alpha-channel-opacity\"\/>\n\n\n\n<blockquote class=\"wp-block-quote is-layout-flow wp-block-quote-is-layout-flow\">\n<p><em>Zugegeben, unsere Mitgliedschaft im Chor war ein wenig \u201eaus der Not heraus geboren\u201c. Durch den Tod meines Vaters wurde meiner Mutter und mir sprichw\u00f6rtlich der Boden unter den F\u00fc\u00dfen weggezogen und wir waren v\u00f6llig orientierungslos. Dann kam eine \u00fcberraschende und \u00fcberaus erfreuliche Wende. Mein Bekannter, ein aktives Chormitglied, lud uns zum Liederabend ein. Das war im Jahr 2001, genau in dem Jahr, indem sich die gesamte Welt ver\u00e4nderte. Nur ein Monat war seit 9\/11 vergangen. Schon die Er\u00f6ffnungsrede lie\u00df uns aufhorchen und im Laufe des Abends wurde uns klar \u201edie leben das wirklich, wovon sie singen.\u201c Nach diesem Abend\u00a0\u00a0waren wir restlos begeistert und wollten unbedingt auch zu dieser tollen Gemeinschaft dazugeh\u00f6ren, also sind wir sofort nach dem Liederabend zur n\u00e4chsten Probe aufgeschlagen und die Lieder aus dieser Probe \u00fcberzeugten uns ebenfalls. In der Zwischenzeit sind mal kurz 22 Jahre vergangen, die Begeisterung und Freude ist ungetr\u00fcbt, und ein Leben ohne unseren Chor k\u00f6nnen wir uns nun gar nicht mehr vorstellen.<\/em><\/p>\n<cite>Petra und Heidi David &#8211; aktive Chormitglieder<\/cite><\/blockquote>\n\n\n\n<hr class=\"wp-block-separator has-alpha-channel-opacity\"\/>\n\n\n\n<blockquote class=\"wp-block-quote is-layout-flow wp-block-quote-is-layout-flow\">\n<p>2009 bin ich mit meinen Eltern vom N\u00fcrnberger Land nach NRW gezogen und musste meinen damaligen Chor verlassen.\u00a0<br>Ich hatte mir zwischendurch den ein oder anderen Chor in Erkelenz und M\u00f6nchengladbach mal angeschaut aber f\u00fchlte mich nicht dort angekommen.\u00a0<br>2014 bin ich dann auf die Homepage vom Rhythmuschor aufmerksam geworden.<br>Schon bei der ersten Probe f\u00fchlte ich mich sehr herzlich empfangen.\u00a0<br>Nach kurzer Zeit f\u00fchlte ich mich schon angekommen.\u00a0<br>Es wird gerne zusammen gesungen und gefeiert und dabei entsteht eine wirklich tolle Gemeinschaft.<br>Mich hat dieser Chor aufgefangen und hat das Heimweh und die Sehnsucht nach meiner Familie etwas gelindert.\u00a0<br>Es ist wirklich toll ein Teil dieser Chorgemeinschaft seien zu d\u00fcrfen.\u00a0<br>Es wird viel zusammen gelacht und wir singen nicht immer perfekt aber wir haben Spa\u00df und verlieren nicht die Freude an der Musik.<\/p>\n<cite>Christin Remus &#8211; aktives Chormitglied<\/cite><\/blockquote>\n\n\n\n<hr class=\"wp-block-separator has-alpha-channel-opacity\"\/>\n\n\n\n<p>Habt ihr auch eine Geschichte zu erz\u00e4hlen? Dann schreibt uns diese gerne per Mail an info@rhythmuschor.de <img loading=\"lazy\" decoding=\"async\" height=\"16\" width=\"16\" src=\"https:\/\/static.xx.fbcdn.net\/images\/emoji.php\/v9\/t4c\/1\/16\/1f642.png\" alt=\"&#x1f642;\"> Eure Geschichte wird dann auch auf unserer Webseite ver\u00f6ffentlicht.<\/p>\n","protected":false},"excerpt":{"rendered":"<p>Hier findet ihr die pers\u00f6nlichen Geschichten unserer Chormitglieder. Schnuppert mal rein und bekommt ein Gef\u00fchl davon, wie es ist ein Chormitglied zu sein. Vor weniger als einem Jahr wurde ich gefragt, ob ich nicht gute Chorleiter empfehlen kann. Nach vielen Gespr\u00e4chen durfte ich nun den Chor \u00fcbernehmen und dar\u00fcber bin ich richtig gl\u00fccklich. Ich wusste &hellip; <\/p>\n<p class=\"link-more\"><a href=\"https:\/\/www.rhythmuschor.de\/?page_id=2922\" class=\"more-link\"><span class=\"screen-reader-text\">\u201eMeine Geschichte mit dem Chor\u201c <\/span>weiterlesen<\/a><\/p>\n","protected":false},"author":2,"featured_media":0,"parent":0,"menu_order":0,"comment_status":"closed","ping_status":"closed","template":"","meta":{"footnotes":""},"class_list":["post-2922","page","type-page","status-publish","hentry"],"_links":{"self":[{"href":"https:\/\/www.rhythmuschor.de\/index.php?rest_route=\/wp\/v2\/pages\/2922","targetHints":{"allow":["GET"]}}],"collection":[{"href":"https:\/\/www.rhythmuschor.de\/index.php?rest_route=\/wp\/v2\/pages"}],"about":[{"href":"https:\/\/www.rhythmuschor.de\/index.php?rest_route=\/wp\/v2\/types\/page"}],"author":[{"embeddable":true,"href":"https:\/\/www.rhythmuschor.de\/index.php?rest_route=\/wp\/v2\/users\/2"}],"replies":[{"embeddable":true,"href":"https:\/\/www.rhythmuschor.de\/index.php?rest_route=%2Fwp%2Fv2%2Fcomments&post=2922"}],"version-history":[{"count":9,"href":"https:\/\/www.rhythmuschor.de\/index.php?rest_route=\/wp\/v2\/pages\/2922\/revisions"}],"predecessor-version":[{"id":2943,"href":"https:\/\/www.rhythmuschor.de\/index.php?rest_route=\/wp\/v2\/pages\/2922\/revisions\/2943"}],"wp:attachment":[{"href":"https:\/\/www.rhythmuschor.de\/index.php?rest_route=%2Fwp%2Fv2%2Fmedia&parent=2922"}],"curies":[{"name":"wp","href":"https:\/\/api.w.org\/{rel}","templated":true}]}}