{"id":2907,"date":"2023-03-08T13:26:40","date_gmt":"2023-03-08T12:26:40","guid":{"rendered":"https:\/\/www.rhythmuschor.de\/?page_id=2907"},"modified":"2023-03-08T15:31:32","modified_gmt":"2023-03-08T14:31:32","slug":"50-jahre-rhythmuschor-unser-jubilaeum","status":"publish","type":"page","link":"https:\/\/www.rhythmuschor.de\/?page_id=2907","title":{"rendered":"50 Jahre Rhythmuschor &#8211; Unser Jubil\u00e4um"},"content":{"rendered":"\n<p>In diesem Jahr feiern wir ein ganz besonderes Jubil\u00e4um. Vor 50 Jahren wurde der Rhythmuschor Waldhausen gegr\u00fcndet und trat erstmalig im Gottesdienst der Osternacht 1973 in der Pfarrkirche St. Peter Waldhausen auf. Anfangs wurde in Familien- und Jugendmessen modernes kirchliches Liedgut noch einstimmig gesungen, nach und nach haben wir uns dann auch in die Mehrstimmigkeit gewagt. Zu Beginn wurde der Chor bis 1977 von Robert B\u00fcscher geleitet. Ihm folgte bis November 1979 Albert Klu\u00df. Nach die- sem Zeitpunkt wurde der Chor \u00fcber 40 Jahre von Jochen Brings geleitet, der uns, wie man den Rhythmuschor kennt, ma\u00dfgeblich gepr\u00e4gt hat. Mit seinem Tod im Januar 2022 endete diese \u00c4ra. Seit Juni 2022 haben wir mit David Koebele einen neuen Chorleiter gefunden, der uns immer wieder zu H\u00f6chstleistungen herausfordert.<\/p>\n\n\n\n<p>Wir sind stolz darauf, dass wir in unserem Chor eine gro\u00dfe Altersmischung haben. Unser j\u00fcngstes Mitglied ist Anfang 20 Jahre alt und unser \u00e4ltestes aktives Mitglied, welches zeitgleich auch ein Gr\u00fcndungsmitglied des Chores ist, feiert in diesem Jahr seinen 90. Geburtstag. Neben ihr ist auch ein weiteres unserer Gr\u00fcndungsmitglieder noch passiv im Chor.<\/p>\n\n\n\n<h2 class=\"wp-block-heading\">50 Jahre Rhythmuschor \u2013 das ist ein Grund zum Feiern!<\/h2>\n\n\n\n<p>Dies m\u00f6chten wir gerne mit zwei Konzerten begehen, zu denen Sie alle recht herzlich eingeladen sind.<\/p>\n\n\n\n<figure class=\"wp-block-image size-large\"><img loading=\"lazy\" decoding=\"async\" width=\"723\" height=\"1024\" src=\"https:\/\/www.rhythmuschor.de\/wp-content\/uploads\/2022\/10\/9393352f-9c8a-4efd-a539-8bd3d235b287-723x1024.jpeg\" alt=\"\" class=\"wp-image-2904\" srcset=\"https:\/\/www.rhythmuschor.de\/wp-content\/uploads\/2022\/10\/9393352f-9c8a-4efd-a539-8bd3d235b287-723x1024.jpeg 723w, https:\/\/www.rhythmuschor.de\/wp-content\/uploads\/2022\/10\/9393352f-9c8a-4efd-a539-8bd3d235b287-212x300.jpeg 212w, https:\/\/www.rhythmuschor.de\/wp-content\/uploads\/2022\/10\/9393352f-9c8a-4efd-a539-8bd3d235b287-768x1087.jpeg 768w, https:\/\/www.rhythmuschor.de\/wp-content\/uploads\/2022\/10\/9393352f-9c8a-4efd-a539-8bd3d235b287-1085x1536.jpeg 1085w, https:\/\/www.rhythmuschor.de\/wp-content\/uploads\/2022\/10\/9393352f-9c8a-4efd-a539-8bd3d235b287.jpeg 1130w\" sizes=\"auto, (max-width: 723px) 100vw, 723px\" \/><\/figure>\n\n\n\n<p>Am 23. April 2023 starten wir um 17.00 Uhr mit einem Jubil\u00e4umskonzert mit Freunden \u2013 gemeinsam mit den Ch\u00f6ren \u201eSound and Spirit\u201c, den \u201eScheidt &amp; Bachmann Voices\u201c, sowie dem \u201eWerksorchester Schlafhorst\u201c.<\/p>\n\n\n\n<p>Unseren&nbsp;Liederabend&nbsp;werden wir am&nbsp;29. Oktober ebenfalls um 17.00 Uhr in St. Anna&nbsp;geben. Merken Sie sich diesen Termin einfach schon einmal vor.<\/p>\n\n\n\n<p>Wir freuen uns auf Sie.<\/p>\n","protected":false},"excerpt":{"rendered":"<p>In diesem Jahr feiern wir ein ganz besonderes Jubil\u00e4um. Vor 50 Jahren wurde der Rhythmuschor Waldhausen gegr\u00fcndet und trat erstmalig im Gottesdienst der Osternacht 1973 in der Pfarrkirche St. Peter Waldhausen auf. Anfangs wurde in Familien- und Jugendmessen modernes kirchliches Liedgut noch einstimmig gesungen, nach und nach haben wir uns dann auch in die Mehrstimmigkeit &hellip; <\/p>\n<p class=\"link-more\"><a href=\"https:\/\/www.rhythmuschor.de\/?page_id=2907\" class=\"more-link\"><span class=\"screen-reader-text\">\u201e50 Jahre Rhythmuschor &#8211; Unser Jubil\u00e4um\u201c <\/span>weiterlesen<\/a><\/p>\n","protected":false},"author":2,"featured_media":2910,"parent":0,"menu_order":0,"comment_status":"closed","ping_status":"closed","template":"","meta":{"footnotes":""},"class_list":["post-2907","page","type-page","status-publish","has-post-thumbnail","hentry"],"_links":{"self":[{"href":"https:\/\/www.rhythmuschor.de\/index.php?rest_route=\/wp\/v2\/pages\/2907","targetHints":{"allow":["GET"]}}],"collection":[{"href":"https:\/\/www.rhythmuschor.de\/index.php?rest_route=\/wp\/v2\/pages"}],"about":[{"href":"https:\/\/www.rhythmuschor.de\/index.php?rest_route=\/wp\/v2\/types\/page"}],"author":[{"embeddable":true,"href":"https:\/\/www.rhythmuschor.de\/index.php?rest_route=\/wp\/v2\/users\/2"}],"replies":[{"embeddable":true,"href":"https:\/\/www.rhythmuschor.de\/index.php?rest_route=%2Fwp%2Fv2%2Fcomments&post=2907"}],"version-history":[{"count":4,"href":"https:\/\/www.rhythmuschor.de\/index.php?rest_route=\/wp\/v2\/pages\/2907\/revisions"}],"predecessor-version":[{"id":2919,"href":"https:\/\/www.rhythmuschor.de\/index.php?rest_route=\/wp\/v2\/pages\/2907\/revisions\/2919"}],"wp:featuredmedia":[{"embeddable":true,"href":"https:\/\/www.rhythmuschor.de\/index.php?rest_route=\/wp\/v2\/media\/2910"}],"wp:attachment":[{"href":"https:\/\/www.rhythmuschor.de\/index.php?rest_route=%2Fwp%2Fv2%2Fmedia&parent=2907"}],"curies":[{"name":"wp","href":"https:\/\/api.w.org\/{rel}","templated":true}]}}

50 Jahre Rhythmuschor &#8211; Unser Jubiläum

<p>In diesem Jahr feiern wir ein ganz besonderes Jubiläum. Vor 50 Jahren wurde der Rhythmuschor Waldhausen gegründet und trat erstmalig im Gottesdienst der Osternacht 1973 in der Pfarrkirche St. Peter Waldhausen auf. Anfangs wurde in Familien- und Jugendmessen modernes kirchliches Liedgut noch einstimmig gesungen, nach und nach haben wir uns dann auch in die Mehrstimmigkeit gewagt. Zu Beginn wurde der Chor bis 1977 von Robert Büscher geleitet. Ihm folgte bis November 1979 Albert Kluß. Nach die- sem Zeitpunkt wurde der Chor über 40 Jahre von Jochen Brings geleitet, der uns, wie man den Rhythmuschor kennt, maßgeblich geprägt hat. Mit seinem Tod im Januar 2022 endete diese Ära. Seit Juni 2022 haben wir mit David Koebele einen neuen Chorleiter gefunden, der uns immer wieder zu Höchstleistungen herausfordert.</p>



<p>Wir sind stolz darauf, dass wir in unserem Chor eine große Altersmischung haben. Unser jüngstes Mitglied ist Anfang 20 Jahre alt und unser ältestes aktives Mitglied, welches zeitgleich auch ein Gründungsmitglied des Chores ist, feiert in diesem Jahr seinen 90. Geburtstag. Neben ihr ist auch ein weiteres unserer Gründungsmitglieder noch passiv im Chor.</p>



<h2 class="wp-block-heading">50 Jahre Rhythmuschor – das ist ein Grund zum Feiern!</h2>



<p>Dies möchten wir gerne mit zwei Konzerten begehen, zu denen Sie alle recht herzlich eingeladen sind.</p>



<figure class="wp-block-image size-large"><img loading="lazy" decoding="async" width="723" height="1024" src="https://www.rhythmuschor.de/wp-content/uploads/2022/10/9393352f-9c8a-4efd-a539-8bd3d235b287-723x1024.jpeg" alt="" class="wp-image-2904" srcset="https://www.rhythmuschor.de/wp-content/uploads/2022/10/9393352f-9c8a-4efd-a539-8bd3d235b287-723x1024.jpeg 723w, https://www.rhythmuschor.de/wp-content/uploads/2022/10/9393352f-9c8a-4efd-a539-8bd3d235b287-212x300.jpeg 212w, https://www.rhythmuschor.de/wp-content/uploads/2022/10/9393352f-9c8a-4efd-a539-8bd3d235b287-768x1087.jpeg 768w, https://www.rhythmuschor.de/wp-content/uploads/2022/10/9393352f-9c8a-4efd-a539-8bd3d235b287-1085x1536.jpeg 1085w, https://www.rhythmuschor.de/wp-content/uploads/2022/10/9393352f-9c8a-4efd-a539-8bd3d235b287.jpeg 1130w" sizes="auto, (max-width: 723px) 100vw, 723px" /></figure>



<p>Am 23. April 2023 starten wir um 17.00 Uhr mit einem Jubiläumskonzert mit Freunden – gemeinsam mit den Chören „Sound and Spirit“, den „Scheidt &amp; Bachmann Voices“, sowie dem „Werksorchester Schlafhorst“.</p>



<p>Unseren&nbsp;Liederabend&nbsp;werden wir am&nbsp;29. Oktober ebenfalls um 17.00 Uhr in St. Anna&nbsp;geben. Merken Sie sich diesen Termin einfach schon einmal vor.</p>



<p>Wir freuen uns auf Sie.</p>

<p>In diesem Jahr feiern wir ein ganz besonderes Jubiläum. Vor 50 Jahren wurde der Rhythmuschor Waldhausen gegründet und trat erstmalig im Gottesdienst der Osternacht 1973 in der Pfarrkirche St. Peter Waldhausen auf. Anfangs wurde in Familien- und Jugendmessen modernes kirchliches Liedgut noch einstimmig gesungen, nach und nach haben wir uns dann auch in die Mehrstimmigkeit &hellip; </p>
<p class="link-more"><a href="https://www.rhythmuschor.de/?page_id=2907" class="more-link"><span class="screen-reader-text">„50 Jahre Rhythmuschor &#8211; Unser Jubiläum“ </span>weiterlesen</a></p>
