{"id":166,"date":"2018-12-28T18:54:43","date_gmt":"2018-12-28T17:54:43","guid":{"rendered":"http:\/\/neu.rhythmuschor.de\/?page_id=166"},"modified":"2025-11-27T13:18:43","modified_gmt":"2025-11-27T12:18:43","slug":"wir-ueber-uns","status":"publish","type":"page","link":"https:\/\/www.rhythmuschor.de\/?page_id=166","title":{"rendered":"Wir \u00fcber uns"},"content":{"rendered":"\n<h2 class=\"wp-block-heading\">Proben<\/h2>\n\n\n\n<p>Unsere Proben finden jeden Freitagabend von 19:30 Uhr bis 21:00 Uhr statt.&nbsp;<\/p>\n\n\n\n<p>Wir treffen uns auf dem Kirchplatz der Kirche St. Peter Waldhausen an der Nicodemstra\u00dfe. Anschie\u00dfend findet im Pfarrheim f\u00fcr jeden der will, ein D\u00e4mmerschoppen statt, bei dem man sich noch ein wenig austauschen kann.\n\n<\/p>\n\n\n\n<h2 class=\"wp-block-heading\">Vorstand<\/h2>\n\n\n\n<figure class=\"wp-block-table\"><table><tbody><tr><td><a href=\"mailto:vorsitzender@rhythmuschor.de\">1. Vorsitzender<\/a><\/td><td>Markus Weuthen<\/td><\/tr><tr><td><a href=\"mailto:vorsitzende@rhythmuschor.de\">2. Vorsitzende<\/a><\/td><td>Alexandra Winges<\/td><\/tr><tr><td><a href=\"mailto:schriftfuehrerin@rhythmuschor.de\">Schriftf\u00fchrerin<\/a><\/td><td>Kirsten Weuthen<\/td><\/tr><tr><td><a href=\"mailto:kassierer@rhythmuschor.de\">Kassierer<\/a><\/td><td>Frank Riegler<\/td><\/tr><tr><td>Notenwart<\/td><td>Lea Laumann<\/td><\/tr><tr><td>Notenwart<\/td><td>Sylvia Friebe<\/td><\/tr><tr><td>Chorleiter<\/td><td>Melanie Oeben<\/td><\/tr><\/tbody><\/table><\/figure>\n\n\n\n<p><\/p>\n","protected":false},"excerpt":{"rendered":"<p>Proben Unsere Proben finden jeden Freitagabend von 19:30 Uhr bis 21:00 Uhr statt.&nbsp; Wir treffen uns auf dem Kirchplatz der Kirche St. Peter Waldhausen an der Nicodemstra\u00dfe. Anschie\u00dfend findet im Pfarrheim f\u00fcr jeden der will, ein D\u00e4mmerschoppen statt, bei dem man sich noch ein wenig austauschen kann. Vorstand 1. Vorsitzender Markus Weuthen 2. Vorsitzende Alexandra &hellip; <\/p>\n<p class=\"link-more\"><a href=\"https:\/\/www.rhythmuschor.de\/?page_id=166\" class=\"more-link\"><span class=\"screen-reader-text\">\u201eWir \u00fcber uns\u201c <\/span>weiterlesen<\/a><\/p>\n","protected":false},"author":2,"featured_media":0,"parent":0,"menu_order":0,"comment_status":"closed","ping_status":"closed","template":"","meta":{"footnotes":""},"class_list":["post-166","page","type-page","status-publish","hentry"],"_links":{"self":[{"href":"https:\/\/www.rhythmuschor.de\/index.php?rest_route=\/wp\/v2\/pages\/166","targetHints":{"allow":["GET"]}}],"collection":[{"href":"https:\/\/www.rhythmuschor.de\/index.php?rest_route=\/wp\/v2\/pages"}],"about":[{"href":"https:\/\/www.rhythmuschor.de\/index.php?rest_route=\/wp\/v2\/types\/page"}],"author":[{"embeddable":true,"href":"https:\/\/www.rhythmuschor.de\/index.php?rest_route=\/wp\/v2\/users\/2"}],"replies":[{"embeddable":true,"href":"https:\/\/www.rhythmuschor.de\/index.php?rest_route=%2Fwp%2Fv2%2Fcomments&post=166"}],"version-history":[{"count":13,"href":"https:\/\/www.rhythmuschor.de\/index.php?rest_route=\/wp\/v2\/pages\/166\/revisions"}],"predecessor-version":[{"id":3322,"href":"https:\/\/www.rhythmuschor.de\/index.php?rest_route=\/wp\/v2\/pages\/166\/revisions\/3322"}],"wp:attachment":[{"href":"https:\/\/www.rhythmuschor.de\/index.php?rest_route=%2Fwp%2Fv2%2Fmedia&parent=166"}],"curies":[{"name":"wp","href":"https:\/\/api.w.org\/{rel}","templated":true}]}}